{"id":9395,"date":"2021-12-24T12:57:27","date_gmt":"2021-12-24T12:57:27","guid":{"rendered":"http:\/\/goldwings.com.tr\/?page_id=9395"},"modified":"2021-12-27T08:01:32","modified_gmt":"2021-12-27T08:01:32","slug":"degerlerimiz","status":"publish","type":"page","link":"https:\/\/goldwings.com.tr\/index.php\/degerlerimiz\/","title":{"rendered":"De\u011ferlerimiz"},"content":{"rendered":"\t\t<div data-elementor-type=\"wp-page\" data-elementor-id=\"9395\" class=\"elementor elementor-9395\">\n\t\t\t\t\t\t<section class=\"wd-negative-gap elementor-section elementor-top-section elementor-element elementor-element-dc69863 elementor-section-boxed elementor-section-height-default elementor-section-height-default wd-section-disabled\" data-id=\"dc69863\" data-element_type=\"section\">\n\t\t\t\t\t\t<div class=\"elementor-container elementor-column-gap-default\">\n\t\t\t\t\t<div class=\"elementor-column elementor-col-100 elementor-top-column elementor-element elementor-element-5e46440\" data-id=\"5e46440\" data-element_type=\"column\">\n\t\t\t<div class=\"elementor-widget-wrap elementor-element-populated\">\n\t\t\t\t\t\t<div class=\"elementor-element elementor-element-b08cb66 color-scheme-inherit text-left elementor-widget elementor-widget-text-editor\" data-id=\"b08cb66\" data-element_type=\"widget\" data-widget_type=\"text-editor.default\">\n\t\t\t\t<div class=\"elementor-widget-container\">\n\t\t\t<style>\/*! elementor - v3.21.0 - 18-04-2024 *\/\n.elementor-widget-text-editor.elementor-drop-cap-view-stacked .elementor-drop-cap{background-color:#69727d;color:#fff}.elementor-widget-text-editor.elementor-drop-cap-view-framed .elementor-drop-cap{color:#69727d;border:3px solid;background-color:transparent}.elementor-widget-text-editor:not(.elementor-drop-cap-view-default) .elementor-drop-cap{margin-top:8px}.elementor-widget-text-editor:not(.elementor-drop-cap-view-default) .elementor-drop-cap-letter{width:1em;height:1em}.elementor-widget-text-editor .elementor-drop-cap{float:left;text-align:center;line-height:1;font-size:50px}.elementor-widget-text-editor .elementor-drop-cap-letter{display:inline-block}<\/style>\t\t\t\t<p><strong>DE\u011eERLER\u0130M\u0130Z<\/strong><\/p><p>Evcil hayvan\u0131n\u0131z, onun ihtiya\u00e7lar\u0131 ve onunla aran\u0131zdaki duygusal ba\u011f i\u00e7in elimizden geleni yap\u0131yoruz. Uzman kadromuz, ya\u015fam\u0131n hangi evresinde olursa olsun, evcil hayvan\u0131n\u0131z i\u00e7in en iyi beslenme ve bak\u0131m\u0131 konusunda \u00e7al\u0131\u015fmaktad\u0131r.<\/p><p>Sayg\u0131 Duymak<\/p><ul><li>Her hayvana ve insana sayg\u0131 duyuyoruz.<\/li><li>Ki\u015fisel ve profesyonel olarak, ki\u015filerin ihtiya\u00e7lar\u0131n\u0131 ve farkl\u0131l\u0131klar\u0131n\u0131 anl\u0131yoruz.\u00a0Herkes farkl\u0131d\u0131r, hayat\u0131 ya\u015famaya de\u011fer k\u0131lan da budur.\u00a0<\/li><li>Birbirimizi dinleyerek ve farkl\u0131l\u0131klar\u0131m\u0131za a\u00e7\u0131k olarak en iyi se\u00e7imleri yapt\u0131\u011f\u0131m\u0131za ve yeni ufuklara ula\u015ft\u0131\u011f\u0131m\u0131za olan inanc\u0131m\u0131z tamd\u0131r.<\/li><\/ul><p>\u00a0Tutku<\/p><ul><li>Her g\u00fcn sizlerin evcil hayvanlarla olan g\u00fc\u00e7l\u00fc ba\u011f\u0131n s\u00fcreklili\u011fini koruyoruz.\u00a0<\/li><li>S\u00fcrekli teknolojiyi ve rekabeti g\u00f6zlemleyip \u00f6\u011frenerek s\u00fcrekli ilham vermeyi hedefliyoruz.\u00a0\u0130nsanlara ve evcil hayvanlara m\u00fcmk\u00fcn olan en iyi \u00fcr\u00fcn ve hizmeti bu \u015fekilde sa\u011fl\u0131yoruz.\u00a0<\/li><\/ul><p>Sorumluluk<\/p><ul><li>Evcil hayvanlar\u0131n ve sahiplerinin aralar\u0131ndaki \u00f6zel ve g\u00fc\u00e7l\u00fc ba\u011f\u0131 \u00f6nemsiyoruz.<\/li><li>\u0130nsanlar ve hayvanlar i\u00e7in zaman zaman d\u00fczenlenen \u00e7e\u015fitli projelerde yer alarak topluma katk\u0131da bulunuyoruz.\u00a0<\/li><\/ul><p>\u00a0Uzmanl\u0131k<\/p><ul><li>Mevcut bilgi ve deneyimlerimizi ekibimizle ve sizlerle payla\u015farak en iyisini yapabilmek i\u00e7in yeni fikirlere ve olas\u0131l\u0131klara te\u015fvik ediyoruz.<\/li><li>Hedeflerimize ula\u015fmak i\u00e7in s\u00fcrekli iyile\u015ftirme ve yenileme i\u00e7in \u00e7abal\u0131yoruz.<\/li><li>Sizlerin evcil hayvanlar\u0131n\u0131za en iyi \u015fekilde bakabilmeniz i\u00e7in uzmanl\u0131\u011f\u0131m\u0131z\u0131 payla\u015f\u0131yoruz.\u00a0<\/li><\/ul>\t\t\t\t\t\t<\/div>\n\t\t\t\t<\/div>\n\t\t\t\t\t<\/div>\n\t\t<\/div>\n\t\t\t\t\t<\/div>\n\t\t<\/section>\n\t\t\t\t<\/div>\n\t\t","protected":false},"excerpt":{"rendered":"<p>DE\u011eERLER\u0130M\u0130Z Evcil hayvan\u0131n\u0131z, onun ihtiya\u00e7lar\u0131 ve onunla aran\u0131zdaki duygusal ba\u011f i\u00e7in elimizden geleni yap\u0131yoruz. Uzman kadromuz, ya\u015fam\u0131n hangi evresinde olursa<\/p>\n","protected":false},"author":1,"featured_media":0,"parent":0,"menu_order":0,"comment_status":"closed","ping_status":"closed","template":"","meta":{"footnotes":""},"class_list":["post-9395","page","type-page","status-publish","hentry"],"_links":{"self":[{"href":"https:\/\/goldwings.com.tr\/index.php\/wp-json\/wp\/v2\/pages\/9395"}],"collection":[{"href":"https:\/\/goldwings.com.tr\/index.php\/wp-json\/wp\/v2\/pages"}],"about":[{"href":"https:\/\/goldwings.com.tr\/index.php\/wp-json\/wp\/v2\/types\/page"}],"author":[{"embeddable":true,"href":"https:\/\/goldwings.com.tr\/index.php\/wp-json\/wp\/v2\/users\/1"}],"replies":[{"embeddable":true,"href":"https:\/\/goldwings.com.tr\/index.php\/wp-json\/wp\/v2\/comments?post=9395"}],"version-history":[{"count":5,"href":"https:\/\/goldwings.com.tr\/index.php\/wp-json\/wp\/v2\/pages\/9395\/revisions"}],"predecessor-version":[{"id":9447,"href":"https:\/\/goldwings.com.tr\/index.php\/wp-json\/wp\/v2\/pages\/9395\/revisions\/9447"}],"wp:attachment":[{"href":"https:\/\/goldwings.com.tr\/index.php\/wp-json\/wp\/v2\/media?parent=9395"}],"curies":[{"name":"wp","href":"https:\/\/api.w.org\/{rel}","templated":true}]}}